 when 211554 is divided by 1748.
46
Calculate the remainder when 99457 is divided by 11049.
16
Calculate the remainder when 258090 is divided by 229.
7
Calculate the remainder when 1980 is divided by 489.
24
Calculate the remainder when 784 is divided by 425.
359
Calculate the remainder when 56347 is divided by 38.
31
Calculate the remainder when 25126 is divided by 1048.
1022
What is the remainder when 1907 is divided by 25?
7
Calculate the remainder when 14881 is divided by 160.
1
Calculate the remainder when 12461 is divided by 45.
41
What is the remainder when 3956 is divided by 648?
68
Calculate the remainder when 94710 is divided by 7883.
114
Calculate the remainder when 107057 is divided by 21403.
42
Calculate the remainder when 1723063 is divided by 23.
18
Calculate the remainder when 25201 is divided by 14.
1
Calculate the remainder when 10927 is divided by 437.
2
Calculate the remainder when 10095 is divided by 202.
197
Calculate the remainder when 5968 is divided by 2008.
1952
What is the remainder when 3495 is divided by 39?
24
Calculate the remainder when 18820 is divided by 11.
10
Calculate the remainder when 7426 is divided by 575.
526
Calculate the remainder when 25177 is divided by 8390.
7
Calculate the remainder when 3416 is divided by 431.
399
What is the remainder when 1264 is divided by 83?
19
Calculate the remainder when 142579 is divided by 7.
3
What is the remainder when 5681 is divided by 169?
104
What is the remainder when 309999 is divided by 492?
39
What is the remainder when 852 is divided by 224?
180
What is the remainder when 284915 is divided by 35?
15
What is the remainder when 744 is divided by 9?
6
What is the remainder when 7982 is divided by 112?
30
What is the remainder when 2679 is divided by 103?
1
Calculate the remainder when 313487 is divided by 622.
621
Calculate the remainder when 31071 is divided by 28.
19
What is the remainder when 77080 is divided by 135?
130
What is the remainder when 226521 is divided by 9436?
57
What is the remainder when 6918 is divided by 33?
21
What is the remainder when 13034 is divided by 272?
250
What is the remainder when 337600 is divided by 265?
255
Calculate the remainder when 49310 is divided by 986.
10
What is the remainder when 1729044 is divided by 111?
108
What is the remainder when 4393 is divided by 1027?
285
Calculate the remainder when 8140 is divided by 2008.
108
Calculate the remainder when 255351 is divided by 193.
12
Calculate the remainder when 420386 is divided by 1730.
1726
What is the remainder when 18893 is divided by 6289?
26
Calculate the remainder when 811513 is divided by 22.
21
Calculate the remainder when 583074 is divided by 30.
24
Calculate the remainder when 7449 is divided by 108.
105
Calculate the remainder when 34998 is divided by 89.
21
What is the remainder when 22149 is divided by 52?
49
What is the remainder when 1700 is divided by 271?
74
Calculate the remainder when 5203 is divided by 15.
13
Calculate the remainder when 2617 is divided by 1527.
1090
What is the remainder when 8837 is divided by 2390?
1667
What is the remainder when 12608 is divided by 79?
47
What is the remainder when 113870 is divided by 16266?
8
Calculate the remainder when 84331 is divided by 505.
501
Calculate the remainder when 122752 is divided by 528.
256
What is the remainder when 10665 is divided by 463?
16
What is the remainder when 15120 is divided by 7?
0
What is the remainder when 1037378 is divided by 8?
2
What is the remainder when 225180 is divided by 16?
12
Calculate the remainder when 303578 is divided by 224.
58
What is the remainder when 14365 is divided by 14327?
38
Calculate the remainder when 5192 is divided by 326.
302
What is the remainder when 3782 is divided by 938?
30
What is the remainder when 543 is divided by 343?
200
What is the remainder when 79030 is divided by 74?
72
What is the remainder when 3652 is divided by 513?
61
Calculate the remainder when 6088 is divided by 122.
110
What is the remainder when 12578 is divided by 6268?
42
Calculate the remainder when 1487 is divided by 348.
95
Calculate the remainder when 35465 is divided by 35454.
11
Calculate the remainder when 8358 is divided by 8310.
48
Calculate the remainder when 830 is divided by 307.
216
What is the remainder when 4023 is divided by 67?
3
Calculate the remainder when 17989 is divided by 10.
9
What is the remainder when 4775 is divided by 1179?
59
Calculate the remainder when 8673 is divided by 332.
41
What is the remainder when 108524 is divided by 15?
14
What is the remainder when 34969 is divided by 1748?
9
Calculate the remainder when 2428 is divided by 355.
298
Calculate the remainder when 14435 is divided by 537.
473
Calculate the remainder when 554770 is divided by 166.
164
Calculate the remainder when 3164 is divided by 410.
294
What is the remainder when 217966 is divided by 57?
55
What is the remainder when 32507 is divided by 129?
128
What is the remainder when 7009 is divided by 1161?
43
What is the remainder when 2839741 is divided by 41?
40
What is the remainder when 24199 is divided by 674?
609
Calculate the remainder when 27945 is divided by 3482.
89
What is the remainder when 20236 is divided by 349?
343
What is the remainder when 3074 is divided by 59?
6
Calculate the remainder when 3553 is divided by 1776.
1
What is the remainder when 26674 is divided by 8887?
13
Calculate the remainder when 203329 is divided by 8472.
1
Calculate the remainder when 5054 is divided by 633.
623
What is the remainder when 500855 is divided by 5059?
14
Calculate the remainder when 398311 is divided by 79661.
6
Calculate the remainder when 30821 is divided by 6164.
1
What is the remainder when 12718 is divided by 314?
158
Calculate the remainder when 651914 is divided by 108652.
2
Calculate the remainder when 13848 is divided by 248.
208
What is the remainder when 3064 is divided by 29?
19
What is the remainder when 4199 is divided by 1750?
699
Calculate the remainder when 14899 is divided by 162.
157
Calculate the remainder when 1330 is divided by 100.
30
What is the remainder when 8372 is divided by 4180?
12
Calculate the remainder when 1065015 is divided by 470.
465
Calculate the remainder when 1444 is divided by 1340.
104
Calculate the remainder when 3432 is divided by 166.
112
What is the remainder when 30275 is divided by 630?
35
What is the remainder when 776620 is divided by 33?
31
Calculate the remainder when 865 is divided by 247.
124
What is the remainder when 2859 is divided by 260?
259
What is the remainder when 71548 is divided by 52?
48
What is the remainder when 39857 is divided by 67?
59
What is the remainder when 165459 is divided by 253?
250
What is the remainder when 5047 is divided by 222?
163
Calculate the remainder when 9725 is divided by 4859.
7
Calculate the remainder when 2468 is divided by 73.
59
What is the remainder when 125707 is divided by 87?
79
What is the remainder when 336317 is divided by 168157?
3
What is the remainder when 9231 is divided by 1537?
9
What is the remainder when 119731 is divided by 4276?
3
What is the remainder when 7139 is divided by 210?
209
What is the remainder when 527397 is divided by 450?
447
What is the remainder when 104111 is divided by 60?
11
Calculate the remainder when 49098 is divided by 1446.
1380
What is the remainder when 74512 is divided by 14884?
92
Calculate the remainder when 106686 is divided by 420.
6
What is the remainder when 4089 is divided by 1786?
517
What is the remainder when 77704 is divided by 4856?
8
Calculate the remainder when 234936 is divided by 1415.
46
What is the remainder when 12263 is divided by 680?
23
What is the remainder when 59709 is divided by 287?
13
Calculate the remainder when 23586 is divided by 70.
66
What is the remainder when 14638 is divided by 78?
52
What is the remainder when 24308 is divided by 2425?
58
What is the remainder when 197265 is divided by 7?
5
What is the remainder when 2041959 is divided by 568?
567
Calculate the remainder when 7718 is divided by 2566.
20
What is the remainder when 596400 is divided by 994?
0
What is the remainder when 45800 is divided by 97?
16
Calculate the remainder when 88667 is divided by 10.
7
Calculate the remainder w